{"id":99,"date":"2018-05-01T13:12:46","date_gmt":"2018-05-01T11:12:46","guid":{"rendered":"http:\/\/www.wolfgang-barina.de\/wein2018\/?page_id=99"},"modified":"2019-05-20T07:45:21","modified_gmt":"2019-05-20T05:45:21","slug":"was-bietet-dieses-tagebuch","status":"publish","type":"page","link":"https:\/\/www.wolfgang-barina.de\/wein2018\/naq\/was-bietet-dieses-tagebuch\/","title":{"rendered":"Worum geht es in diesem Tagebuch?"},"content":{"rendered":"<p><strong>Um exemplarische Einblicke in die Entstehung eines Weines<\/strong><br \/>\nvom allerersten Handgriff im Weingarten (&#8222;Gr\u00fcnwirtschaft&#8220;) bis zur Traubenernte sowie dem eigentlichen &#8222;Weinmachen&#8220; und der Abf\u00fcllung in Flaschen im Jahr darauf oder noch sp\u00e4ter (&#8222;Kellerwirtschaft&#8220;):<\/p>\n<p>In Episoden, Begebenheiten und Schw\u00e4nken, fachlichen und augenzwinkernden Erl\u00e4uterungen, durch Krisen, Freud und Leid hindurch, durch Wetterkapriolen, pflanzliche und auch menschliche G\u00e4rungs- und Kl\u00e4rungsprozesse, mit Fotos und zum Verst\u00e4ndnis hilfreichen Links.<\/p>\n<p>Das Tagebuch setzt im M\u00e4rz 2018 ein und wird voraussichtlich im Herbst 2019 einen vollst\u00e4ndigen Weinjahrgangszyklus umfassen.<\/p>\n<p>&nbsp;<\/p>\n<p>&nbsp;<\/p>\n<p>&nbsp;<\/p>\n<p>&nbsp;<\/p>\n","protected":false},"excerpt":{"rendered":"<p>Um exemplarische Einblicke in die Entstehung eines Weines vom allerersten Handgriff im Weingarten (&#8222;Gr\u00fcnwirtschaft&#8220;) bis zur Traubenernte sowie dem eigentlichen &#8222;Weinmachen&#8220; und der Abf\u00fcllung in Flaschen im Jahr darauf oder noch sp\u00e4ter (&#8222;Kellerwirtschaft&#8220;): In Episoden, Begebenheiten und Schw\u00e4nken, fachlichen und &hellip; <a href=\"https:\/\/www.wolfgang-barina.de\/wein2018\/naq\/was-bietet-dieses-tagebuch\/\">Weiterlesen <span class=\"meta-nav\">&rarr;<\/span><\/a><\/p>\n","protected":false},"author":1,"featured_media":0,"parent":93,"menu_order":0,"comment_status":"closed","ping_status":"closed","template":"","meta":[],"_links":{"self":[{"href":"https:\/\/www.wolfgang-barina.de\/wein2018\/wp-json\/wp\/v2\/pages\/99"}],"collection":[{"href":"https:\/\/www.wolfgang-barina.de\/wein2018\/wp-json\/wp\/v2\/pages"}],"about":[{"href":"https:\/\/www.wolfgang-barina.de\/wein2018\/wp-json\/wp\/v2\/types\/page"}],"author":[{"embeddable":true,"href":"https:\/\/www.wolfgang-barina.de\/wein2018\/wp-json\/wp\/v2\/users\/1"}],"replies":[{"embeddable":true,"href":"https:\/\/www.wolfgang-barina.de\/wein2018\/wp-json\/wp\/v2\/comments?post=99"}],"version-history":[{"count":6,"href":"https:\/\/www.wolfgang-barina.de\/wein2018\/wp-json\/wp\/v2\/pages\/99\/revisions"}],"predecessor-version":[{"id":481,"href":"https:\/\/www.wolfgang-barina.de\/wein2018\/wp-json\/wp\/v2\/pages\/99\/revisions\/481"}],"up":[{"embeddable":true,"href":"https:\/\/www.wolfgang-barina.de\/wein2018\/wp-json\/wp\/v2\/pages\/93"}],"wp:attachment":[{"href":"https:\/\/www.wolfgang-barina.de\/wein2018\/wp-json\/wp\/v2\/media?parent=99"}],"curies":[{"name":"wp","href":"https:\/\/api.w.org\/{rel}","templated":true}]}}

<p><strong>Um exemplarische Einblicke in die Entstehung eines Weines</strong><br />
vom allerersten Handgriff im Weingarten (&#8222;Grünwirtschaft&#8220;) bis zur Traubenernte sowie dem eigentlichen &#8222;Weinmachen&#8220; und der Abfüllung in Flaschen im Jahr darauf oder noch später (&#8222;Kellerwirtschaft&#8220;):</p>
<p>In Episoden, Begebenheiten und Schwänken, fachlichen und augenzwinkernden Erläuterungen, durch Krisen, Freud und Leid hindurch, durch Wetterkapriolen, pflanzliche und auch menschliche Gärungs- und Klärungsprozesse, mit Fotos und zum Verständnis hilfreichen Links.</p>
<p>Das Tagebuch setzt im März 2018 ein und wird voraussichtlich im Herbst 2019 einen vollständigen Weinjahrgangszyklus umfassen.</p>
<p>&nbsp;</p>
<p>&nbsp;</p>
<p>&nbsp;</p>
<p>&nbsp;</p>

<p>Um exemplarische Einblicke in die Entstehung eines Weines vom allerersten Handgriff im Weingarten (&#8222;Grünwirtschaft&#8220;) bis zur Traubenernte sowie dem eigentlichen &#8222;Weinmachen&#8220; und der Abfüllung in Flaschen im Jahr darauf oder noch später (&#8222;Kellerwirtschaft&#8220;): In Episoden, Begebenheiten und Schwänken, fachlichen und &hellip; <a href="https://www.wolfgang-barina.de/wein2018/naq/was-bietet-dieses-tagebuch/">Weiterlesen <span class="meta-nav">&rarr;</span></a></p>
