{"id":73,"date":"2018-05-01T11:42:49","date_gmt":"2018-05-01T09:42:49","guid":{"rendered":"http:\/\/www.wolfgang-barina.de\/wein2018\/?page_id=73"},"modified":"2018-05-02T12:43:01","modified_gmt":"2018-05-02T10:43:01","slug":"anpflanzung-im-april-2009","status":"publish","type":"page","link":"https:\/\/www.wolfgang-barina.de\/wein2018\/naq\/anpflanzung-im-april-2009\/","title":{"rendered":"Wann und wie habt Ihr angefangen?"},"content":{"rendered":"<h6>&lt;Gr\u00f6\u00dfere Abbildungen durch Anklicken der Fotos&gt;<\/h6>\n<p><strong>April 2009<\/strong><\/p>\n<p>Unseren Weingarten mit 114 St\u00f6cken, von denen &#8222;Stand heute&#8220; 4 aus ungekl\u00e4rten Gr\u00fcnden nicht mehr am Leben sind, haben wir im April 2009 mit aus Deutschland importiertem Pflanzgut best\u00fcckt.<\/p>\n<p>Zuvor hatte schon eine aus dem Dorf rekrutierte Mannschaft das Gel\u00e4nde &#8222;rigoliert&#8220;, d.h. auf 80 cm Tiefe umgestochen, dabei die oberen Schichten nach unten und die unteren nach oben gewendet. Ganz unten wurden bei der Gelegenheit noch 2-3 Wagenladungen &#8222;gereifter&#8220; Rindermist deponiert, als D\u00fcngervorrat f\u00fcr die n\u00e4chsten Jahre.<\/p>\n<p><a href=\"http:\/\/www.wolfgang-barina.de\/wein2018\/wp-content\/uploads\/2018\/05\/Anfang-2009-April-01.jpg\"><img loading=\"lazy\" class=\"alignnone size-full wp-image-77\" src=\"http:\/\/www.wolfgang-barina.de\/wein2018\/wp-content\/uploads\/2018\/05\/Anfang-2009-April-01.jpg\" alt=\"\" width=\"1000\" height=\"750\" srcset=\"https:\/\/www.wolfgang-barina.de\/wein2018\/wp-content\/uploads\/2018\/05\/Anfang-2009-April-01.jpg 1000w, https:\/\/www.wolfgang-barina.de\/wein2018\/wp-content\/uploads\/2018\/05\/Anfang-2009-April-01-300x225.jpg 300w, https:\/\/www.wolfgang-barina.de\/wein2018\/wp-content\/uploads\/2018\/05\/Anfang-2009-April-01-768x576.jpg 768w\" sizes=\"(max-width: 1000px) 100vw, 1000px\" \/><\/a><\/p>\n<p>Dann wurde alles glatt gerecht und Reihen mit Schn\u00fcren skizziert, Stockabst\u00e4nde mit den Pflanzst\u00e4ben festgelegt, an denen die St\u00e4mme heute noch angebunden sind, dann die Reben verbuddelt und angegossen sowie am Ende Schutz gegen Tierverbiss mit Plastikh\u00fcllen aus dem Fachhandel versehen.<\/p>\n<p><a href=\"http:\/\/www.wolfgang-barina.de\/wein2018\/wp-content\/uploads\/2018\/05\/Anfang-2009-April-02.jpg\"><img loading=\"lazy\" class=\"alignnone size-full wp-image-78\" src=\"http:\/\/www.wolfgang-barina.de\/wein2018\/wp-content\/uploads\/2018\/05\/Anfang-2009-April-02.jpg\" alt=\"\" width=\"1000\" height=\"750\" srcset=\"https:\/\/www.wolfgang-barina.de\/wein2018\/wp-content\/uploads\/2018\/05\/Anfang-2009-April-02.jpg 1000w, https:\/\/www.wolfgang-barina.de\/wein2018\/wp-content\/uploads\/2018\/05\/Anfang-2009-April-02-300x225.jpg 300w, https:\/\/www.wolfgang-barina.de\/wein2018\/wp-content\/uploads\/2018\/05\/Anfang-2009-April-02-768x576.jpg 768w\" sizes=\"(max-width: 1000px) 100vw, 1000px\" \/><\/a><\/p>\n<p><a href=\"http:\/\/www.wolfgang-barina.de\/wein2018\/wp-content\/uploads\/2018\/05\/Anfang-2009-April-03.jpg\"><img loading=\"lazy\" class=\"alignnone size-full wp-image-79\" src=\"http:\/\/www.wolfgang-barina.de\/wein2018\/wp-content\/uploads\/2018\/05\/Anfang-2009-April-03.jpg\" alt=\"\" width=\"1000\" height=\"750\" srcset=\"https:\/\/www.wolfgang-barina.de\/wein2018\/wp-content\/uploads\/2018\/05\/Anfang-2009-April-03.jpg 1000w, https:\/\/www.wolfgang-barina.de\/wein2018\/wp-content\/uploads\/2018\/05\/Anfang-2009-April-03-300x225.jpg 300w, https:\/\/www.wolfgang-barina.de\/wein2018\/wp-content\/uploads\/2018\/05\/Anfang-2009-April-03-768x576.jpg 768w\" sizes=\"(max-width: 1000px) 100vw, 1000px\" \/><\/a><\/p>\n<p><a href=\"http:\/\/www.wolfgang-barina.de\/wein2018\/wp-content\/uploads\/2018\/05\/Anfang-2009-April-03-2.jpg\"><img loading=\"lazy\" class=\"alignnone size-full wp-image-80\" src=\"http:\/\/www.wolfgang-barina.de\/wein2018\/wp-content\/uploads\/2018\/05\/Anfang-2009-April-03-2.jpg\" alt=\"\" width=\"1000\" height=\"750\" srcset=\"https:\/\/www.wolfgang-barina.de\/wein2018\/wp-content\/uploads\/2018\/05\/Anfang-2009-April-03-2.jpg 1000w, https:\/\/www.wolfgang-barina.de\/wein2018\/wp-content\/uploads\/2018\/05\/Anfang-2009-April-03-2-300x225.jpg 300w, https:\/\/www.wolfgang-barina.de\/wein2018\/wp-content\/uploads\/2018\/05\/Anfang-2009-April-03-2-768x576.jpg 768w\" sizes=\"(max-width: 1000px) 100vw, 1000px\" \/><\/a><\/p>\n<p><a href=\"http:\/\/www.wolfgang-barina.de\/wein2018\/wp-content\/uploads\/2018\/05\/Anfang-2009-April-04.jpg\"><img loading=\"lazy\" class=\"alignnone size-full wp-image-81\" src=\"http:\/\/www.wolfgang-barina.de\/wein2018\/wp-content\/uploads\/2018\/05\/Anfang-2009-April-04.jpg\" alt=\"\" width=\"1000\" height=\"750\" srcset=\"https:\/\/www.wolfgang-barina.de\/wein2018\/wp-content\/uploads\/2018\/05\/Anfang-2009-April-04.jpg 1000w, https:\/\/www.wolfgang-barina.de\/wein2018\/wp-content\/uploads\/2018\/05\/Anfang-2009-April-04-300x225.jpg 300w, https:\/\/www.wolfgang-barina.de\/wein2018\/wp-content\/uploads\/2018\/05\/Anfang-2009-April-04-768x576.jpg 768w\" sizes=\"(max-width: 1000px) 100vw, 1000px\" \/><\/a><\/p>\n<p><strong>Juni 2009<\/strong><\/p>\n<p>Im Juni haben die Reben ausgetrieben und zeigen schon in diesem Stadium erste Fruchtans\u00e4tze.<\/p>\n<p><a href=\"http:\/\/www.wolfgang-barina.de\/wein2018\/wp-content\/uploads\/2018\/05\/Anfang-2009-Juni-01.jpg\"><img loading=\"lazy\" class=\"alignnone size-full wp-image-82\" src=\"http:\/\/www.wolfgang-barina.de\/wein2018\/wp-content\/uploads\/2018\/05\/Anfang-2009-Juni-01.jpg\" alt=\"\" width=\"1000\" height=\"750\" srcset=\"https:\/\/www.wolfgang-barina.de\/wein2018\/wp-content\/uploads\/2018\/05\/Anfang-2009-Juni-01.jpg 1000w, https:\/\/www.wolfgang-barina.de\/wein2018\/wp-content\/uploads\/2018\/05\/Anfang-2009-Juni-01-300x225.jpg 300w, https:\/\/www.wolfgang-barina.de\/wein2018\/wp-content\/uploads\/2018\/05\/Anfang-2009-Juni-01-768x576.jpg 768w\" sizes=\"(max-width: 1000px) 100vw, 1000px\" \/><\/a><\/p>\n<p><a href=\"http:\/\/www.wolfgang-barina.de\/wein2018\/wp-content\/uploads\/2018\/05\/Anfang-2009-Juni-02-a.jpg\"><img loading=\"lazy\" class=\"alignnone size-full wp-image-96\" src=\"http:\/\/www.wolfgang-barina.de\/wein2018\/wp-content\/uploads\/2018\/05\/Anfang-2009-Juni-02-a.jpg\" alt=\"\" width=\"750\" height=\"1000\" srcset=\"https:\/\/www.wolfgang-barina.de\/wein2018\/wp-content\/uploads\/2018\/05\/Anfang-2009-Juni-02-a.jpg 750w, https:\/\/www.wolfgang-barina.de\/wein2018\/wp-content\/uploads\/2018\/05\/Anfang-2009-Juni-02-a-225x300.jpg 225w\" sizes=\"(max-width: 750px) 100vw, 750px\" \/><\/a><\/p>\n<p><a href=\"http:\/\/www.wolfgang-barina.de\/wein2018\/wp-content\/uploads\/2018\/05\/Anfang-2009-Juni-03.jpg\"><img loading=\"lazy\" class=\"alignnone size-full wp-image-84\" src=\"http:\/\/www.wolfgang-barina.de\/wein2018\/wp-content\/uploads\/2018\/05\/Anfang-2009-Juni-03.jpg\" alt=\"\" width=\"1000\" height=\"750\" srcset=\"https:\/\/www.wolfgang-barina.de\/wein2018\/wp-content\/uploads\/2018\/05\/Anfang-2009-Juni-03.jpg 1000w, https:\/\/www.wolfgang-barina.de\/wein2018\/wp-content\/uploads\/2018\/05\/Anfang-2009-Juni-03-300x225.jpg 300w, https:\/\/www.wolfgang-barina.de\/wein2018\/wp-content\/uploads\/2018\/05\/Anfang-2009-Juni-03-768x576.jpg 768w\" sizes=\"(max-width: 1000px) 100vw, 1000px\" \/><\/a><\/p>\n<p><strong>Herbst 2009<\/strong><\/p>\n<p>Im Herbst waren die St\u00f6cke bereits auf \u00fcber einen Meter H\u00f6he gewachsen. Der st\u00e4rkste Trieb wurde an die Pflanzst\u00f6cke gebunden, der Rest wird im kommenden Jahr zur\u00fcckgeschnitten. Metallpf\u00e4hle wurden eingeschlagen, Draht gezogen, Reihenendstangen mit Bodenankern fest verbunden.<\/p>\n<p><a href=\"http:\/\/www.wolfgang-barina.de\/wein2018\/wp-content\/uploads\/2018\/05\/Anfang-2009-September-Oktober-01.jpg\"><img loading=\"lazy\" class=\"alignnone size-full wp-image-85\" src=\"http:\/\/www.wolfgang-barina.de\/wein2018\/wp-content\/uploads\/2018\/05\/Anfang-2009-September-Oktober-01.jpg\" alt=\"\" width=\"1000\" height=\"750\" srcset=\"https:\/\/www.wolfgang-barina.de\/wein2018\/wp-content\/uploads\/2018\/05\/Anfang-2009-September-Oktober-01.jpg 1000w, https:\/\/www.wolfgang-barina.de\/wein2018\/wp-content\/uploads\/2018\/05\/Anfang-2009-September-Oktober-01-300x225.jpg 300w, https:\/\/www.wolfgang-barina.de\/wein2018\/wp-content\/uploads\/2018\/05\/Anfang-2009-September-Oktober-01-768x576.jpg 768w\" sizes=\"(max-width: 1000px) 100vw, 1000px\" \/><\/a><\/p>\n<p><a href=\"http:\/\/www.wolfgang-barina.de\/wein2018\/wp-content\/uploads\/2018\/05\/Anfang-2009-September-Oktober-02.jpg\"><img loading=\"lazy\" class=\"alignnone size-full wp-image-86\" src=\"http:\/\/www.wolfgang-barina.de\/wein2018\/wp-content\/uploads\/2018\/05\/Anfang-2009-September-Oktober-02.jpg\" alt=\"\" width=\"1000\" height=\"750\" srcset=\"https:\/\/www.wolfgang-barina.de\/wein2018\/wp-content\/uploads\/2018\/05\/Anfang-2009-September-Oktober-02.jpg 1000w, https:\/\/www.wolfgang-barina.de\/wein2018\/wp-content\/uploads\/2018\/05\/Anfang-2009-September-Oktober-02-300x225.jpg 300w, https:\/\/www.wolfgang-barina.de\/wein2018\/wp-content\/uploads\/2018\/05\/Anfang-2009-September-Oktober-02-768x576.jpg 768w\" sizes=\"(max-width: 1000px) 100vw, 1000px\" \/><\/a><\/p>\n<p><a href=\"http:\/\/www.wolfgang-barina.de\/wein2018\/wp-content\/uploads\/2018\/05\/Anfang-2009-September-Oktober-03.jpg\"><img loading=\"lazy\" class=\"alignnone size-full wp-image-87\" src=\"http:\/\/www.wolfgang-barina.de\/wein2018\/wp-content\/uploads\/2018\/05\/Anfang-2009-September-Oktober-03.jpg\" alt=\"\" width=\"1000\" height=\"750\" srcset=\"https:\/\/www.wolfgang-barina.de\/wein2018\/wp-content\/uploads\/2018\/05\/Anfang-2009-September-Oktober-03.jpg 1000w, https:\/\/www.wolfgang-barina.de\/wein2018\/wp-content\/uploads\/2018\/05\/Anfang-2009-September-Oktober-03-300x225.jpg 300w, https:\/\/www.wolfgang-barina.de\/wein2018\/wp-content\/uploads\/2018\/05\/Anfang-2009-September-Oktober-03-768x576.jpg 768w\" sizes=\"(max-width: 1000px) 100vw, 1000px\" \/><\/a><\/p>\n<p><a href=\"http:\/\/www.wolfgang-barina.de\/wein2018\/wp-content\/uploads\/2018\/05\/Anfang-2009-September-Oktober-04-1.jpg\"><img loading=\"lazy\" class=\"alignnone size-full wp-image-90\" src=\"http:\/\/www.wolfgang-barina.de\/wein2018\/wp-content\/uploads\/2018\/05\/Anfang-2009-September-Oktober-04-1.jpg\" alt=\"\" width=\"1000\" height=\"750\" srcset=\"https:\/\/www.wolfgang-barina.de\/wein2018\/wp-content\/uploads\/2018\/05\/Anfang-2009-September-Oktober-04-1.jpg 1000w, https:\/\/www.wolfgang-barina.de\/wein2018\/wp-content\/uploads\/2018\/05\/Anfang-2009-September-Oktober-04-1-300x225.jpg 300w, https:\/\/www.wolfgang-barina.de\/wein2018\/wp-content\/uploads\/2018\/05\/Anfang-2009-September-Oktober-04-1-768x576.jpg 768w\" sizes=\"(max-width: 1000px) 100vw, 1000px\" \/><\/a><\/p>\n<p><a href=\"http:\/\/www.wolfgang-barina.de\/wein2018\/wp-content\/uploads\/2018\/05\/Anfang-2009-September-Oktober-05-1.jpg\"><img loading=\"lazy\" class=\"alignnone size-full wp-image-91\" src=\"http:\/\/www.wolfgang-barina.de\/wein2018\/wp-content\/uploads\/2018\/05\/Anfang-2009-September-Oktober-05-1.jpg\" alt=\"\" width=\"1000\" height=\"750\" srcset=\"https:\/\/www.wolfgang-barina.de\/wein2018\/wp-content\/uploads\/2018\/05\/Anfang-2009-September-Oktober-05-1.jpg 1000w, https:\/\/www.wolfgang-barina.de\/wein2018\/wp-content\/uploads\/2018\/05\/Anfang-2009-September-Oktober-05-1-300x225.jpg 300w, https:\/\/www.wolfgang-barina.de\/wein2018\/wp-content\/uploads\/2018\/05\/Anfang-2009-September-Oktober-05-1-768x576.jpg 768w\" sizes=\"(max-width: 1000px) 100vw, 1000px\" \/><\/a><\/p>\n<p>&nbsp;<\/p>\n","protected":false},"excerpt":{"rendered":"<p>&lt;Gr\u00f6\u00dfere Abbildungen durch Anklicken der Fotos&gt; April 2009 Unseren Weingarten mit 114 St\u00f6cken, von denen &#8222;Stand heute&#8220; 4 aus ungekl\u00e4rten Gr\u00fcnden nicht mehr am Leben sind, haben wir im April 2009 mit aus Deutschland importiertem Pflanzgut best\u00fcckt. Zuvor hatte schon &hellip; <a href=\"https:\/\/www.wolfgang-barina.de\/wein2018\/naq\/anpflanzung-im-april-2009\/\">Weiterlesen <span class=\"meta-nav\">&rarr;<\/span><\/a><\/p>\n","protected":false},"author":1,"featured_media":0,"parent":93,"menu_order":2,"comment_status":"closed","ping_status":"closed","template":"","meta":[],"_links":{"self":[{"href":"https:\/\/www.wolfgang-barina.de\/wein2018\/wp-json\/wp\/v2\/pages\/73"}],"collection":[{"href":"https:\/\/www.wolfgang-barina.de\/wein2018\/wp-json\/wp\/v2\/pages"}],"about":[{"href":"https:\/\/www.wolfgang-barina.de\/wein2018\/wp-json\/wp\/v2\/types\/page"}],"author":[{"embeddable":true,"href":"https:\/\/www.wolfgang-barina.de\/wein2018\/wp-json\/wp\/v2\/users\/1"}],"replies":[{"embeddable":true,"href":"https:\/\/www.wolfgang-barina.de\/wein2018\/wp-json\/wp\/v2\/comments?post=73"}],"version-history":[{"count":8,"href":"https:\/\/www.wolfgang-barina.de\/wein2018\/wp-json\/wp\/v2\/pages\/73\/revisions"}],"predecessor-version":[{"id":134,"href":"https:\/\/www.wolfgang-barina.de\/wein2018\/wp-json\/wp\/v2\/pages\/73\/revisions\/134"}],"up":[{"embeddable":true,"href":"https:\/\/www.wolfgang-barina.de\/wein2018\/wp-json\/wp\/v2\/pages\/93"}],"wp:attachment":[{"href":"https:\/\/www.wolfgang-barina.de\/wein2018\/wp-json\/wp\/v2\/media?parent=73"}],"curies":[{"name":"wp","href":"https:\/\/api.w.org\/{rel}","templated":true}]}}