{"id":534,"date":"2011-01-14T07:46:04","date_gmt":"2011-01-14T05:46:04","guid":{"rendered":"http:\/\/www.wolfgang-barina.de\/bdh\/?page_id=534"},"modified":"2022-04-07T15:59:54","modified_gmt":"2022-04-07T13:59:54","slug":"unterricht-coaching-workshops-noten","status":"publish","type":"page","link":"https:\/\/www.wolfgang-barina.de\/bdh\/?page_id=534","title":{"rendered":"Unterricht, Coaching, Workshops, Noten"},"content":{"rendered":"<p>(&#8230; Musik)<\/p>\n<ul>\n<li><a href=\"http:\/\/www.bandschmiede.de\/\" target=\"_blank\" rel=\"noopener noreferrer\">Bandschmiede<\/a><\/li>\n<li><a href=\"http:\/\/www.vokaltotal.de\/worksops.0.html?&amp;no_cache=1\" target=\"_blank\" rel=\"noopener noreferrer\">Matthias Becker<\/a> (Jazz-Workshops)<\/li>\n<li><a href=\"http:\/\/www.violaengelbrecht.com\/\" target=\"_blank\" rel=\"noopener noreferrer\">Viola Engelbrecht<\/a><\/li>\n<li><a href=\"http:\/\/www.fmw.de\/\" target=\"_blank\" rel=\"noopener noreferrer\">FMW &#8211; Frankfurter Musikwerkstatt <\/a>(Musikakademie f\u00fcr Jazz und Popularmusik)<\/li>\n<li><a href=\"http:\/\/www.frauenmusikbuero.de\/\" target=\"_blank\" rel=\"noopener noreferrer\">Frauenmusikb\u00fcro<\/a><\/li>\n<li><a href=\"http:\/\/www.gesangshaus-frankfurt.de\/\" target=\"_blank\" rel=\"noopener noreferrer\">Gesangshaus Frankfurt<\/a><\/li>\n<li><a href=\"http:\/\/www.hinterhof-palazzo.de\/\" target=\"_blank\" rel=\"noopener noreferrer\">Hinterhof-Palazzi<\/a><br \/>\n(Werkstatt f\u00fcr Gesang Spiel und Sprache, Wiesbaden)<\/li>\n<li><a href=\"http:\/\/www.waggong.de\/\" target=\"_blank\" rel=\"noopener noreferrer\">Kulturwerkstatt Germaniastr.<\/a><\/li>\n<li><a href=\"http:\/\/www.lilvonessen.de\/\" target=\"_blank\" rel=\"noopener noreferrer\">Lil von Essen<\/a> (Atem, Stimme, Sprache, Gesang, Vortrag)<\/li>\n<li><a href=\"http:\/\/www.musikalspezial.de\/\" target=\"_blank\" rel=\"noopener noreferrer\">Musik Spezial<\/a>\u00a0(Notenversand)<\/li>\n<li><a href=\"http:\/\/www.musiklehrernetzwerk.de\/\" target=\"_blank\" rel=\"noopener noreferrer\">Musiklehrernetzwerk Wiesbaden<\/a><\/li>\n<li><a href=\"http:\/\/www.vocal-jazz.de\/\" target=\"_blank\" rel=\"noopener noreferrer\">Vocal-Jazz-Institut<\/a> (Regina Klein)<\/li>\n<\/ul>\n","protected":false},"excerpt":{"rendered":"<p>(&#8230; Musik) Bandschmiede Matthias Becker (Jazz-Workshops) Viola Engelbrecht FMW &#8211; Frankfurter Musikwerkstatt (Musikakademie f\u00fcr Jazz und Popularmusik) Frauenmusikb\u00fcro Gesangshaus Frankfurt Hinterhof-Palazzi (Werkstatt f\u00fcr Gesang Spiel und Sprache, Wiesbaden) Kulturwerkstatt Germaniastr. Lil von Essen (Atem, Stimme, <a class=\"more-link\" href=\"https:\/\/www.wolfgang-barina.de\/bdh\/?page_id=534\">weiterlesen&#8230;<\/a><\/p>\n","protected":false},"author":3,"featured_media":0,"parent":509,"menu_order":4,"comment_status":"closed","ping_status":"closed","template":"","meta":{"footnotes":""},"categories":[],"tags":[],"class_list":["post-534","page","type-page","status-publish","hentry"],"aioseo_notices":[],"_links":{"self":[{"href":"https:\/\/www.wolfgang-barina.de\/bdh\/index.php?rest_route=\/wp\/v2\/pages\/534"}],"collection":[{"href":"https:\/\/www.wolfgang-barina.de\/bdh\/index.php?rest_route=\/wp\/v2\/pages"}],"about":[{"href":"https:\/\/www.wolfgang-barina.de\/bdh\/index.php?rest_route=\/wp\/v2\/types\/page"}],"author":[{"embeddable":true,"href":"https:\/\/www.wolfgang-barina.de\/bdh\/index.php?rest_route=\/wp\/v2\/users\/3"}],"replies":[{"embeddable":true,"href":"https:\/\/www.wolfgang-barina.de\/bdh\/index.php?rest_route=%2Fwp%2Fv2%2Fcomments&post=534"}],"version-history":[{"count":4,"href":"https:\/\/www.wolfgang-barina.de\/bdh\/index.php?rest_route=\/wp\/v2\/pages\/534\/revisions"}],"predecessor-version":[{"id":12970,"href":"https:\/\/www.wolfgang-barina.de\/bdh\/index.php?rest_route=\/wp\/v2\/pages\/534\/revisions\/12970"}],"up":[{"embeddable":true,"href":"https:\/\/www.wolfgang-barina.de\/bdh\/index.php?rest_route=\/wp\/v2\/pages\/509"}],"wp:attachment":[{"href":"https:\/\/www.wolfgang-barina.de\/bdh\/index.php?rest_route=%2Fwp%2Fv2%2Fmedia&parent=534"}],"wp:term":[{"taxonomy":"category","embeddable":true,"href":"https:\/\/www.wolfgang-barina.de\/bdh\/index.php?rest_route=%2Fwp%2Fv2%2Fcategories&post=534"},{"taxonomy":"post_tag","embeddable":true,"href":"https:\/\/www.wolfgang-barina.de\/bdh\/index.php?rest_route=%2Fwp%2Fv2%2Ftags&post=534"}],"curies":[{"name":"wp","href":"https:\/\/api.w.org\/{rel}","templated":true}]}}