{"id":19417,"date":"2026-03-16T11:00:21","date_gmt":"2026-03-16T09:00:21","guid":{"rendered":"https:\/\/www.wolfgang-barina.de\/bdh\/?page_id=19417"},"modified":"2026-03-16T11:02:17","modified_gmt":"2026-03-16T09:02:17","slug":"15-april-probenstart-interreligioeser-chor-frankfurt-psalm-92-und-sure-87","status":"publish","type":"page","link":"https:\/\/www.wolfgang-barina.de\/bdh\/?page_id=19417","title":{"rendered":"15. April: Probenstart Interreligi\u00f6ser Chor Frankfurt, Psalm 92 und Sure 87"},"content":{"rendered":"<h4><span style=\"color: #008080;\"><strong>Mittwoch, 15. April<\/strong><\/span><br \/>\n<strong>(immer mittwochs 19:30 bis 22 Uhr)<\/strong><br \/>\n<strong>Eschersheimer Landstra\u00dfe 393, 60320 Frankfurt<\/strong><\/h4>\n<p>Einladung zum<br \/>\n<strong>PROBENSTART<\/strong><br \/>\nInterreligi\u00f6ser Chor Frankfurt<\/p>\n<ul>\n<li>Vertonungen von Psalm 92 und Sure 87<br \/>\n(Konzert im November 2026)<\/li>\n<\/ul>\n<p>&#8222;Vielleicht hatten Sie ja schon l\u00e4nger Lust, wieder regelm\u00e4\u00dfig zu singen? Und wollen den interreligi\u00f6sen Dialog nicht nur theoretisch \u201eirgendwie gut\u201c finden, sondern ihn ganz konkret und mit musikalischen Mitteln und Freude am gemeinsamen Singen voranbringen? Und Ihre Nachbarin \/ Ihr Nachbar sucht auch einen Chor? Dann kommt hier der freundliche Stups, der vielleicht noch fehlte, um den Wunsch in die Tat umzusetzen!&#8220;<\/p>\n<p>Mehr s.<br \/>\n<a href=\"https:\/\/ircf-frankfurt.de\" target=\"_blank\" rel=\"noopener\">https:\/\/ircf-frankfurt.de<\/a><\/p>\n","protected":false},"excerpt":{"rendered":"<p>Mittwoch, 15. April (immer mittwochs 19:30 bis 22 Uhr) Eschersheimer Landstra\u00dfe 393, 60320 Frankfurt Einladung zum PROBENSTART Interreligi\u00f6ser Chor Frankfurt Vertonungen von Psalm 92 und Sure 87 (Konzert im November 2026) &#8222;Vielleicht hatten Sie ja <a class=\"more-link\" href=\"https:\/\/www.wolfgang-barina.de\/bdh\/?page_id=19417\">weiterlesen&#8230;<\/a><\/p>\n","protected":false},"author":3,"featured_media":0,"parent":60,"menu_order":0,"comment_status":"closed","ping_status":"closed","template":"","meta":{"footnotes":""},"categories":[],"tags":[],"class_list":["post-19417","page","type-page","status-publish","hentry"],"aioseo_notices":[],"_links":{"self":[{"href":"https:\/\/www.wolfgang-barina.de\/bdh\/index.php?rest_route=\/wp\/v2\/pages\/19417"}],"collection":[{"href":"https:\/\/www.wolfgang-barina.de\/bdh\/index.php?rest_route=\/wp\/v2\/pages"}],"about":[{"href":"https:\/\/www.wolfgang-barina.de\/bdh\/index.php?rest_route=\/wp\/v2\/types\/page"}],"author":[{"embeddable":true,"href":"https:\/\/www.wolfgang-barina.de\/bdh\/index.php?rest_route=\/wp\/v2\/users\/3"}],"replies":[{"embeddable":true,"href":"https:\/\/www.wolfgang-barina.de\/bdh\/index.php?rest_route=%2Fwp%2Fv2%2Fcomments&post=19417"}],"version-history":[{"count":1,"href":"https:\/\/www.wolfgang-barina.de\/bdh\/index.php?rest_route=\/wp\/v2\/pages\/19417\/revisions"}],"predecessor-version":[{"id":19418,"href":"https:\/\/www.wolfgang-barina.de\/bdh\/index.php?rest_route=\/wp\/v2\/pages\/19417\/revisions\/19418"}],"up":[{"embeddable":true,"href":"https:\/\/www.wolfgang-barina.de\/bdh\/index.php?rest_route=\/wp\/v2\/pages\/60"}],"wp:attachment":[{"href":"https:\/\/www.wolfgang-barina.de\/bdh\/index.php?rest_route=%2Fwp%2Fv2%2Fmedia&parent=19417"}],"wp:term":[{"taxonomy":"category","embeddable":true,"href":"https:\/\/www.wolfgang-barina.de\/bdh\/index.php?rest_route=%2Fwp%2Fv2%2Fcategories&post=19417"},{"taxonomy":"post_tag","embeddable":true,"href":"https:\/\/www.wolfgang-barina.de\/bdh\/index.php?rest_route=%2Fwp%2Fv2%2Ftags&post=19417"}],"curies":[{"name":"wp","href":"https:\/\/api.w.org\/{rel}","templated":true}]}}