{"id":19219,"date":"2025-12-06T08:53:10","date_gmt":"2025-12-06T06:53:10","guid":{"rendered":"https:\/\/www.wolfgang-barina.de\/bdh\/?page_id=19219"},"modified":"2025-12-06T08:53:10","modified_gmt":"2025-12-06T06:53:10","slug":"leopold-kalckreuth-selbstportrait-mit-cigarette-1906","status":"publish","type":"page","link":"https:\/\/www.wolfgang-barina.de\/bdh\/?page_id=19219","title":{"rendered":"Leopold Kalckreuth: Selbstportrait mit Cigarette (1906)"},"content":{"rendered":"<p><strong>LEOPOLD KARL WALTER GRAF VON KALCKREUTH<\/strong><br \/>\n(1855 D\u00fcsseldorf &#8211; 1928 Hittfeld bei Hamburg):<br \/>\nRadierung \u201eSelbstportrait mit Cigarette\u201c.<br \/>\nUnsignierter Abzug, in der Platte mit dem Monogramm des K\u00fcnstlers.<br \/>\nPlattengr\u00f6\u00dfe, 24 x 16 cm. Gr\u00f6\u00dfe des Druckbogens 50 x 36,5 cm. Dickes B\u00fcttenpapier.<br \/>\n(R\u00fcckseitig auf der ganzen Fl\u00e4che des Druckbogens ein Aquarell mit Blumenstrau\u00df in einer Vase).<\/p>\n<p><em>(Diese Grafik ist verf\u00fcgbar f\u00fcr einen\u00a0<a href=\"https:\/\/www.wolfgang-barina.de\/bdh\/?page_id=17529\">Tausch oder Verkauf<\/a>, bitte\u00a0<a href=\"https:\/\/www.wolfgang-barina.de\/bdh\/?page_id=119\">kontaktieren<\/a>\u00a0Sie mich gerne bei Interesse).<\/em><\/p>\n<p><a href=\"https:\/\/www.wolfgang-barina.de\/wordpress\/wp-content\/uploads\/2025\/12\/Kalckreuth-1-scaled-e1765003866538.jpg\"><img loading=\"lazy\" decoding=\"async\" class=\"alignnone size-full wp-image-19220\" src=\"https:\/\/www.wolfgang-barina.de\/wordpress\/wp-content\/uploads\/2025\/12\/Kalckreuth-1-scaled-e1765003866538.jpg\" alt=\"\" width=\"750\" height=\"1098\" \/><\/a><\/p>\n<p><a href=\"https:\/\/www.wolfgang-barina.de\/wordpress\/wp-content\/uploads\/2025\/12\/Kalckreuth-7-scaled-e1765003948484.jpg\"><img loading=\"lazy\" decoding=\"async\" class=\"alignnone size-full wp-image-19221\" src=\"https:\/\/www.wolfgang-barina.de\/wordpress\/wp-content\/uploads\/2025\/12\/Kalckreuth-7-scaled-e1765003948484.jpg\" alt=\"\" width=\"500\" height=\"623\" \/><\/a><\/p>\n","protected":false},"excerpt":{"rendered":"<p>LEOPOLD KARL WALTER GRAF VON KALCKREUTH (1855 D\u00fcsseldorf &#8211; 1928 Hittfeld bei Hamburg): Radierung \u201eSelbstportrait mit Cigarette\u201c. Unsignierter Abzug, in der Platte mit dem Monogramm des K\u00fcnstlers. Plattengr\u00f6\u00dfe, 24 x 16 cm. Gr\u00f6\u00dfe des Druckbogens <a class=\"more-link\" href=\"https:\/\/www.wolfgang-barina.de\/bdh\/?page_id=19219\">weiterlesen&#8230;<\/a><\/p>\n","protected":false},"author":3,"featured_media":0,"parent":17529,"menu_order":0,"comment_status":"closed","ping_status":"closed","template":"","meta":{"footnotes":""},"categories":[],"tags":[78,128,62,77],"class_list":["post-19219","page","type-page","status-publish","hentry","tag-zu-verkaufen","tag-leopold-kalckreuth","tag-radierung","tag-tausch"],"aioseo_notices":[],"_links":{"self":[{"href":"https:\/\/www.wolfgang-barina.de\/bdh\/index.php?rest_route=\/wp\/v2\/pages\/19219"}],"collection":[{"href":"https:\/\/www.wolfgang-barina.de\/bdh\/index.php?rest_route=\/wp\/v2\/pages"}],"about":[{"href":"https:\/\/www.wolfgang-barina.de\/bdh\/index.php?rest_route=\/wp\/v2\/types\/page"}],"author":[{"embeddable":true,"href":"https:\/\/www.wolfgang-barina.de\/bdh\/index.php?rest_route=\/wp\/v2\/users\/3"}],"replies":[{"embeddable":true,"href":"https:\/\/www.wolfgang-barina.de\/bdh\/index.php?rest_route=%2Fwp%2Fv2%2Fcomments&post=19219"}],"version-history":[{"count":1,"href":"https:\/\/www.wolfgang-barina.de\/bdh\/index.php?rest_route=\/wp\/v2\/pages\/19219\/revisions"}],"predecessor-version":[{"id":19222,"href":"https:\/\/www.wolfgang-barina.de\/bdh\/index.php?rest_route=\/wp\/v2\/pages\/19219\/revisions\/19222"}],"up":[{"embeddable":true,"href":"https:\/\/www.wolfgang-barina.de\/bdh\/index.php?rest_route=\/wp\/v2\/pages\/17529"}],"wp:attachment":[{"href":"https:\/\/www.wolfgang-barina.de\/bdh\/index.php?rest_route=%2Fwp%2Fv2%2Fmedia&parent=19219"}],"wp:term":[{"taxonomy":"category","embeddable":true,"href":"https:\/\/www.wolfgang-barina.de\/bdh\/index.php?rest_route=%2Fwp%2Fv2%2Fcategories&post=19219"},{"taxonomy":"post_tag","embeddable":true,"href":"https:\/\/www.wolfgang-barina.de\/bdh\/index.php?rest_route=%2Fwp%2Fv2%2Ftags&post=19219"}],"curies":[{"name":"wp","href":"https:\/\/api.w.org\/{rel}","templated":true}]}}