{"id":19214,"date":"2025-12-06T08:38:41","date_gmt":"2025-12-06T06:38:41","guid":{"rendered":"https:\/\/www.wolfgang-barina.de\/bdh\/?page_id=19214"},"modified":"2025-12-06T08:38:41","modified_gmt":"2025-12-06T06:38:41","slug":"jozsef-domjan-warm-night-1974","status":"publish","type":"page","link":"https:\/\/www.wolfgang-barina.de\/bdh\/?page_id=19214","title":{"rendered":"J\u00f3zsef Domj\u00e1n: Warm night (1974)"},"content":{"rendered":"<p><strong>J\u00d3ZSEF DOMJ\u00c1N<\/strong><br \/>\n(Budapest 15.3.1907 &#8211; New York 25.11.1992)<br \/>\n&#8222;Warm night&#8220;<br \/>\nFarbholzschnitt, 46,5 x 35,5 cm, wahrscheinlich aus dem Jahr 1974.<br \/>\nHandsigniert, bezeichnet und nummeriert 14\/15<\/p>\n<p><em>(Diese Grafik ist verf\u00fcgbar f\u00fcr einen\u00a0<a href=\"https:\/\/www.wolfgang-barina.de\/bdh\/?page_id=17529\">Tausch oder Verkauf<\/a>, bitte\u00a0<a href=\"https:\/\/www.wolfgang-barina.de\/bdh\/?page_id=119\">kontaktieren<\/a>\u00a0Sie mich gerne bei Interesse).<\/em><\/p>\n<p><a href=\"https:\/\/www.wolfgang-barina.de\/wordpress\/wp-content\/uploads\/2025\/12\/Domjan-FHS-Warm-night-01.jpg\"><img loading=\"lazy\" decoding=\"async\" class=\"alignnone size-full wp-image-19215\" src=\"https:\/\/www.wolfgang-barina.de\/wordpress\/wp-content\/uploads\/2025\/12\/Domjan-FHS-Warm-night-01-e1765003075794.jpg\" alt=\"\" width=\"800\" height=\"1121\" \/><\/a><\/p>\n","protected":false},"excerpt":{"rendered":"<p>J\u00d3ZSEF DOMJ\u00c1N (Budapest 15.3.1907 &#8211; New York 25.11.1992) &#8222;Warm night&#8220; Farbholzschnitt, 46,5 x 35,5 cm, wahrscheinlich aus dem Jahr 1974. Handsigniert, bezeichnet und nummeriert 14\/15 (Diese Grafik ist verf\u00fcgbar f\u00fcr einen\u00a0Tausch oder Verkauf, bitte\u00a0kontaktieren\u00a0Sie mich <a class=\"more-link\" href=\"https:\/\/www.wolfgang-barina.de\/bdh\/?page_id=19214\">weiterlesen&#8230;<\/a><\/p>\n","protected":false},"author":3,"featured_media":0,"parent":17529,"menu_order":0,"comment_status":"closed","ping_status":"closed","template":"","meta":{"footnotes":""},"categories":[],"tags":[37,77,78,127],"class_list":["post-19214","page","type-page","status-publish","hentry","tag-farbholzschnitt","tag-tausch","tag-zu-verkaufen","tag-jozsef-domjan"],"aioseo_notices":[],"_links":{"self":[{"href":"https:\/\/www.wolfgang-barina.de\/bdh\/index.php?rest_route=\/wp\/v2\/pages\/19214"}],"collection":[{"href":"https:\/\/www.wolfgang-barina.de\/bdh\/index.php?rest_route=\/wp\/v2\/pages"}],"about":[{"href":"https:\/\/www.wolfgang-barina.de\/bdh\/index.php?rest_route=\/wp\/v2\/types\/page"}],"author":[{"embeddable":true,"href":"https:\/\/www.wolfgang-barina.de\/bdh\/index.php?rest_route=\/wp\/v2\/users\/3"}],"replies":[{"embeddable":true,"href":"https:\/\/www.wolfgang-barina.de\/bdh\/index.php?rest_route=%2Fwp%2Fv2%2Fcomments&post=19214"}],"version-history":[{"count":1,"href":"https:\/\/www.wolfgang-barina.de\/bdh\/index.php?rest_route=\/wp\/v2\/pages\/19214\/revisions"}],"predecessor-version":[{"id":19216,"href":"https:\/\/www.wolfgang-barina.de\/bdh\/index.php?rest_route=\/wp\/v2\/pages\/19214\/revisions\/19216"}],"up":[{"embeddable":true,"href":"https:\/\/www.wolfgang-barina.de\/bdh\/index.php?rest_route=\/wp\/v2\/pages\/17529"}],"wp:attachment":[{"href":"https:\/\/www.wolfgang-barina.de\/bdh\/index.php?rest_route=%2Fwp%2Fv2%2Fmedia&parent=19214"}],"wp:term":[{"taxonomy":"category","embeddable":true,"href":"https:\/\/www.wolfgang-barina.de\/bdh\/index.php?rest_route=%2Fwp%2Fv2%2Fcategories&post=19214"},{"taxonomy":"post_tag","embeddable":true,"href":"https:\/\/www.wolfgang-barina.de\/bdh\/index.php?rest_route=%2Fwp%2Fv2%2Ftags&post=19214"}],"curies":[{"name":"wp","href":"https:\/\/api.w.org\/{rel}","templated":true}]}}