{"id":19197,"date":"2025-12-06T08:16:59","date_gmt":"2025-12-06T06:16:59","guid":{"rendered":"https:\/\/www.wolfgang-barina.de\/bdh\/?page_id=19197"},"modified":"2025-12-06T08:16:59","modified_gmt":"2025-12-06T06:16:59","slug":"harry-schultz-altniederlaendische-szene","status":"publish","type":"page","link":"https:\/\/www.wolfgang-barina.de\/bdh\/?page_id=19197","title":{"rendered":"Harry Schultz: Altniederl\u00e4ndische Szene"},"content":{"rendered":"<p><strong>HARRY SCHULTZ<\/strong><br \/>\n(Elbing 1874 \u2013 Hausham\/Oberbayern 1958):<br \/>\nFarbholzschnitt ohne Titel,<br \/>\ndargestellt ist aber wohl eine \u201eAltniederl\u00e4ndische Szene\u201c.<br \/>\nDarstellung 19 x 27,5 cm, auf etwas gr\u00f6\u00dferem, unregelm\u00e4\u00dfig beschnittenem Druckbogen<\/p>\n<p><a href=\"https:\/\/www.wolfgang-barina.de\/wordpress\/wp-content\/uploads\/2025\/12\/Schultz-Harry-FHS-Altniederlaendische-Szene-scaled-e1765001786145.jpg\"><img loading=\"lazy\" decoding=\"async\" class=\"alignnone size-full wp-image-19198\" src=\"https:\/\/www.wolfgang-barina.de\/wordpress\/wp-content\/uploads\/2025\/12\/Schultz-Harry-FHS-Altniederlaendische-Szene-scaled-e1765001786145.jpg\" alt=\"\" width=\"800\" height=\"564\" \/><\/a><\/p>\n","protected":false},"excerpt":{"rendered":"<p>HARRY SCHULTZ (Elbing 1874 \u2013 Hausham\/Oberbayern 1958): Farbholzschnitt ohne Titel, dargestellt ist aber wohl eine \u201eAltniederl\u00e4ndische Szene\u201c. Darstellung 19 x 27,5 cm, auf etwas gr\u00f6\u00dferem, unregelm\u00e4\u00dfig beschnittenem Druckbogen<\/p>\n","protected":false},"author":3,"featured_media":0,"parent":17529,"menu_order":0,"comment_status":"closed","ping_status":"closed","template":"","meta":{"footnotes":""},"categories":[],"tags":[37,77,78,124],"class_list":["post-19197","page","type-page","status-publish","hentry","tag-farbholzschnitt","tag-tausch","tag-zu-verkaufen","tag-harry-schultz"],"aioseo_notices":[],"_links":{"self":[{"href":"https:\/\/www.wolfgang-barina.de\/bdh\/index.php?rest_route=\/wp\/v2\/pages\/19197"}],"collection":[{"href":"https:\/\/www.wolfgang-barina.de\/bdh\/index.php?rest_route=\/wp\/v2\/pages"}],"about":[{"href":"https:\/\/www.wolfgang-barina.de\/bdh\/index.php?rest_route=\/wp\/v2\/types\/page"}],"author":[{"embeddable":true,"href":"https:\/\/www.wolfgang-barina.de\/bdh\/index.php?rest_route=\/wp\/v2\/users\/3"}],"replies":[{"embeddable":true,"href":"https:\/\/www.wolfgang-barina.de\/bdh\/index.php?rest_route=%2Fwp%2Fv2%2Fcomments&post=19197"}],"version-history":[{"count":1,"href":"https:\/\/www.wolfgang-barina.de\/bdh\/index.php?rest_route=\/wp\/v2\/pages\/19197\/revisions"}],"predecessor-version":[{"id":19199,"href":"https:\/\/www.wolfgang-barina.de\/bdh\/index.php?rest_route=\/wp\/v2\/pages\/19197\/revisions\/19199"}],"up":[{"embeddable":true,"href":"https:\/\/www.wolfgang-barina.de\/bdh\/index.php?rest_route=\/wp\/v2\/pages\/17529"}],"wp:attachment":[{"href":"https:\/\/www.wolfgang-barina.de\/bdh\/index.php?rest_route=%2Fwp%2Fv2%2Fmedia&parent=19197"}],"wp:term":[{"taxonomy":"category","embeddable":true,"href":"https:\/\/www.wolfgang-barina.de\/bdh\/index.php?rest_route=%2Fwp%2Fv2%2Fcategories&post=19197"},{"taxonomy":"post_tag","embeddable":true,"href":"https:\/\/www.wolfgang-barina.de\/bdh\/index.php?rest_route=%2Fwp%2Fv2%2Ftags&post=19197"}],"curies":[{"name":"wp","href":"https:\/\/api.w.org\/{rel}","templated":true}]}}