{"id":19162,"date":"2025-12-05T20:52:21","date_gmt":"2025-12-05T18:52:21","guid":{"rendered":"https:\/\/www.wolfgang-barina.de\/bdh\/?page_id=19162"},"modified":"2025-12-05T20:52:21","modified_gmt":"2025-12-05T18:52:21","slug":"albert-wiese-anemomen","status":"publish","type":"page","link":"https:\/\/www.wolfgang-barina.de\/bdh\/?page_id=19162","title":{"rendered":"Albert Wiese: Anemomen"},"content":{"rendered":"<p><strong>ALBERT WIESE<\/strong><br \/>\nBerlin 19.\/20.-Jhd.<br \/>\nAnemomen<br \/>\nKolorierte Radierung, 19 x 14 cm<br \/>\nu.l. Pr\u00e4gestempel &#8222;Wohlgemuth &amp; Lissner Berlin&#8220;<\/p>\n<p><em>(Diese Grafik ist verf\u00fcgbar f\u00fcr einen\u00a0<a href=\"https:\/\/www.wolfgang-barina.de\/bdh\/?page_id=17529\">Tausch oder Verkauf<\/a>, bitte\u00a0<a href=\"https:\/\/www.wolfgang-barina.de\/bdh\/?page_id=119\">kontaktieren<\/a>\u00a0Sie mich gerne bei Interesse).<\/em><\/p>\n<p><a href=\"https:\/\/www.wolfgang-barina.de\/wordpress\/wp-content\/uploads\/2025\/12\/Wiese-Albert-Kol-Rad-Blumentopf.jpg\"><img loading=\"lazy\" decoding=\"async\" class=\"alignnone size-full wp-image-19163\" src=\"https:\/\/www.wolfgang-barina.de\/wordpress\/wp-content\/uploads\/2025\/12\/Wiese-Albert-Kol-Rad-Blumentopf.jpg\" alt=\"\" width=\"550\" height=\"421\" srcset=\"https:\/\/www.wolfgang-barina.de\/wordpress\/wp-content\/uploads\/2025\/12\/Wiese-Albert-Kol-Rad-Blumentopf.jpg 550w, https:\/\/www.wolfgang-barina.de\/wordpress\/wp-content\/uploads\/2025\/12\/Wiese-Albert-Kol-Rad-Blumentopf-300x230.jpg 300w\" sizes=\"(max-width: 550px) 100vw, 550px\" \/><\/a><\/p>\n","protected":false},"excerpt":{"rendered":"<p>ALBERT WIESE Berlin 19.\/20.-Jhd. Anemomen Kolorierte Radierung, 19 x 14 cm u.l. Pr\u00e4gestempel &#8222;Wohlgemuth &amp; Lissner Berlin&#8220; (Diese Grafik ist verf\u00fcgbar f\u00fcr einen\u00a0Tausch oder Verkauf, bitte\u00a0kontaktieren\u00a0Sie mich gerne bei Interesse).<\/p>\n","protected":false},"author":3,"featured_media":0,"parent":17529,"menu_order":0,"comment_status":"closed","ping_status":"closed","template":"","meta":{"footnotes":""},"categories":[],"tags":[115,116,77,78],"class_list":["post-19162","page","type-page","status-publish","hentry","tag-albert-wiese","tag-kolorierte-radierung","tag-tausch","tag-zu-verkaufen"],"aioseo_notices":[],"_links":{"self":[{"href":"https:\/\/www.wolfgang-barina.de\/bdh\/index.php?rest_route=\/wp\/v2\/pages\/19162"}],"collection":[{"href":"https:\/\/www.wolfgang-barina.de\/bdh\/index.php?rest_route=\/wp\/v2\/pages"}],"about":[{"href":"https:\/\/www.wolfgang-barina.de\/bdh\/index.php?rest_route=\/wp\/v2\/types\/page"}],"author":[{"embeddable":true,"href":"https:\/\/www.wolfgang-barina.de\/bdh\/index.php?rest_route=\/wp\/v2\/users\/3"}],"replies":[{"embeddable":true,"href":"https:\/\/www.wolfgang-barina.de\/bdh\/index.php?rest_route=%2Fwp%2Fv2%2Fcomments&post=19162"}],"version-history":[{"count":1,"href":"https:\/\/www.wolfgang-barina.de\/bdh\/index.php?rest_route=\/wp\/v2\/pages\/19162\/revisions"}],"predecessor-version":[{"id":19164,"href":"https:\/\/www.wolfgang-barina.de\/bdh\/index.php?rest_route=\/wp\/v2\/pages\/19162\/revisions\/19164"}],"up":[{"embeddable":true,"href":"https:\/\/www.wolfgang-barina.de\/bdh\/index.php?rest_route=\/wp\/v2\/pages\/17529"}],"wp:attachment":[{"href":"https:\/\/www.wolfgang-barina.de\/bdh\/index.php?rest_route=%2Fwp%2Fv2%2Fmedia&parent=19162"}],"wp:term":[{"taxonomy":"category","embeddable":true,"href":"https:\/\/www.wolfgang-barina.de\/bdh\/index.php?rest_route=%2Fwp%2Fv2%2Fcategories&post=19162"},{"taxonomy":"post_tag","embeddable":true,"href":"https:\/\/www.wolfgang-barina.de\/bdh\/index.php?rest_route=%2Fwp%2Fv2%2Ftags&post=19162"}],"curies":[{"name":"wp","href":"https:\/\/api.w.org\/{rel}","templated":true}]}}

<p><strong>ALBERT WIESE</strong><br />
Berlin 19./20.-Jhd.<br />
Anemomen<br />
Kolorierte Radierung, 19 x 14 cm<br />
u.l. Prägestempel &#8222;Wohlgemuth &amp; Lissner Berlin&#8220;</p>
<p><em>(Diese Grafik ist verfügbar für einen <a href="https://www.wolfgang-barina.de/bdh/?page_id=17529">Tausch oder Verkauf</a>, bitte <a href="https://www.wolfgang-barina.de/bdh/?page_id=119">kontaktieren</a> Sie mich gerne bei Interesse).</em></p>
<p><a href="https://www.wolfgang-barina.de/wordpress/wp-content/uploads/2025/12/Wiese-Albert-Kol-Rad-Blumentopf.jpg"><img loading="lazy" decoding="async" class="alignnone size-full wp-image-19163" src="https://www.wolfgang-barina.de/wordpress/wp-content/uploads/2025/12/Wiese-Albert-Kol-Rad-Blumentopf.jpg" alt="" width="550" height="421" srcset="https://www.wolfgang-barina.de/wordpress/wp-content/uploads/2025/12/Wiese-Albert-Kol-Rad-Blumentopf.jpg 550w, https://www.wolfgang-barina.de/wordpress/wp-content/uploads/2025/12/Wiese-Albert-Kol-Rad-Blumentopf-300x230.jpg 300w" sizes="(max-width: 550px) 100vw, 550px" /></a></p>

<p>ALBERT WIESE Berlin 19./20.-Jhd. Anemomen Kolorierte Radierung, 19 x 14 cm u.l. Prägestempel &#8222;Wohlgemuth &amp; Lissner Berlin&#8220; (Diese Grafik ist verfügbar für einen Tausch oder Verkauf, bitte kontaktieren Sie mich gerne bei Interesse).</p>
