{"id":127,"date":"2010-11-25T14:41:42","date_gmt":"2010-11-25T13:41:42","guid":{"rendered":"http:\/\/www.wolfgang-barina.de\/bdh\/?page_id=127"},"modified":"2019-11-18T13:43:32","modified_gmt":"2019-11-18T11:43:32","slug":"impressum","status":"publish","type":"page","link":"https:\/\/www.wolfgang-barina.de\/bdh\/?page_id=127","title":{"rendered":"Impressum"},"content":{"rendered":"<p><strong>Haftungsausschluss<\/strong><\/p>\n<p>Dieser Blog wird sorgf\u00e4ltig zusammengestellt. Es gibt aber keine\u00a0Gew\u00e4hr f\u00fcr die Aktualit\u00e4t, Korrektheit und Vollst\u00e4ndigkeit der bereit gestellten Informationen. Jegliche Haftung f\u00fcr Sch\u00e4den, die direkt oder indirekt aus der Benutzung dieser Website entstehen, wird ausgeschlossen. Und es tut mir nat\u00fcrlich leid, wenn Sie mal zu einem\u00a0Konzert zu sp\u00e4t kommen, nur weil ich mich bei der Uhrzeit vertippt habe. Aber das passiert halt gelegentlich doch\u00a0mal. Entschuldigung.<\/p>\n<p>In diesem Blog gibt es ausgew\u00e4hlte Links zu fremden Internetseiten. Damit verbinde ich durchaus eine Absicht. Leider habe ich aber keinen Einfluss darauf, was auf diesen Seiten nach der Verlinkung passiert.\u00a0Sollten dort wieder Erwarten anst\u00f6\u00dfige oder strafbare Inhalte auftauchen, distanziere ich mich davon. Bitte informieren Sie mich, damit ich das \u00fcberpr\u00fcfen kann.<\/p>\n<p>Wolfgang Barina<\/p>\n<p>&nbsp;<\/p>\n","protected":false},"excerpt":{"rendered":"<p>Haftungsausschluss Dieser Blog wird sorgf\u00e4ltig zusammengestellt. Es gibt aber keine\u00a0Gew\u00e4hr f\u00fcr die Aktualit\u00e4t, Korrektheit und Vollst\u00e4ndigkeit der bereit gestellten Informationen. Jegliche Haftung f\u00fcr Sch\u00e4den, die direkt oder indirekt aus der Benutzung dieser Website entstehen, wird <a class=\"more-link\" href=\"https:\/\/www.wolfgang-barina.de\/bdh\/?page_id=127\">weiterlesen&#8230;<\/a><\/p>\n","protected":false},"author":3,"featured_media":0,"parent":119,"menu_order":0,"comment_status":"closed","ping_status":"closed","template":"onecolumn-page.php","meta":{"footnotes":""},"categories":[],"tags":[],"class_list":["post-127","page","type-page","status-publish","hentry"],"aioseo_notices":[],"_links":{"self":[{"href":"https:\/\/www.wolfgang-barina.de\/bdh\/index.php?rest_route=\/wp\/v2\/pages\/127"}],"collection":[{"href":"https:\/\/www.wolfgang-barina.de\/bdh\/index.php?rest_route=\/wp\/v2\/pages"}],"about":[{"href":"https:\/\/www.wolfgang-barina.de\/bdh\/index.php?rest_route=\/wp\/v2\/types\/page"}],"author":[{"embeddable":true,"href":"https:\/\/www.wolfgang-barina.de\/bdh\/index.php?rest_route=\/wp\/v2\/users\/3"}],"replies":[{"embeddable":true,"href":"https:\/\/www.wolfgang-barina.de\/bdh\/index.php?rest_route=%2Fwp%2Fv2%2Fcomments&post=127"}],"version-history":[{"count":2,"href":"https:\/\/www.wolfgang-barina.de\/bdh\/index.php?rest_route=\/wp\/v2\/pages\/127\/revisions"}],"predecessor-version":[{"id":11025,"href":"https:\/\/www.wolfgang-barina.de\/bdh\/index.php?rest_route=\/wp\/v2\/pages\/127\/revisions\/11025"}],"up":[{"embeddable":true,"href":"https:\/\/www.wolfgang-barina.de\/bdh\/index.php?rest_route=\/wp\/v2\/pages\/119"}],"wp:attachment":[{"href":"https:\/\/www.wolfgang-barina.de\/bdh\/index.php?rest_route=%2Fwp%2Fv2%2Fmedia&parent=127"}],"wp:term":[{"taxonomy":"category","embeddable":true,"href":"https:\/\/www.wolfgang-barina.de\/bdh\/index.php?rest_route=%2Fwp%2Fv2%2Fcategories&post=127"},{"taxonomy":"post_tag","embeddable":true,"href":"https:\/\/www.wolfgang-barina.de\/bdh\/index.php?rest_route=%2Fwp%2Fv2%2Ftags&post=127"}],"curies":[{"name":"wp","href":"https:\/\/api.w.org\/{rel}","templated":true}]}}