{"id":119,"date":"2010-11-25T14:29:48","date_gmt":"2010-11-25T13:29:48","guid":{"rendered":"http:\/\/www.wolfgang-barina.de\/bdh\/?page_id=119"},"modified":"2020-02-09T12:34:18","modified_gmt":"2020-02-09T10:34:18","slug":"about","status":"publish","type":"page","link":"https:\/\/www.wolfgang-barina.de\/bdh\/?page_id=119","title":{"rendered":"Kontakt"},"content":{"rendered":"<p><strong>Barina&#8217;s Dezente Hinweise (bdh)<br \/>\n<\/strong>Was in und um Frankfurt gesungen, ausgestellt, gespielt, gemunkelt oder degustiert wird<\/p>\n<p>sind:<\/p>\n<ol>\n<li>Ein\u00a0<strong>unregelm\u00e4\u00dfig erscheinender\u00a0E-Mail-Newsletter<\/strong>.<br \/>\nAn- und Abmeldungen f\u00fcr den Verteiler sowie Hinweise auf Konzerte und andere Kunst- und Kultur-Events freundlichst erbeten an E-Mail <a href=\"mailto:bdh@wolfgang-barina.de\">bdh@wolfgang-barina.de<\/a>.Die Mailadressen der Bezieher werden intern verwaltet und ausschlie\u00dflich f\u00fcr den Versand des Newsletters verwendet. F\u00fcr die anderen Leser ist der Name und die E-Mail-Adresse anderer Abonnenten nicht sichtbar.<\/li>\n<\/ol>\n<ol>\n<li><strong>Seit November 2010 auch ein Blog,<\/strong> der neben den im Newsletter enthaltenen Hinweisen auch M\u00f6glichkeiten zu Kommentar und Diskussion bietet und zu interessanten Adressen im www verlinkt.<\/li>\n<\/ol>\n<p>E-Mail\u00a0<a href=\"mailto:bdh@wolfgang-barina.de\">bdh@wolfgang-barina.de<\/a><br \/>\nlnternet <a href=\"http:\/\/www.wolfgang-barina.de\">www.wolfgang-barina.de<\/a><\/p>\n<p>&nbsp;<\/p>\n","protected":false},"excerpt":{"rendered":"<p>Barina&#8217;s Dezente Hinweise (bdh) Was in und um Frankfurt gesungen, ausgestellt, gespielt, gemunkelt oder degustiert wird sind: Ein\u00a0unregelm\u00e4\u00dfig erscheinender\u00a0E-Mail-Newsletter. An- und Abmeldungen f\u00fcr den Verteiler sowie Hinweise auf Konzerte und andere Kunst- und Kultur-Events freundlichst <a class=\"more-link\" href=\"https:\/\/www.wolfgang-barina.de\/bdh\/?page_id=119\">weiterlesen&#8230;<\/a><\/p>\n","protected":false},"author":3,"featured_media":0,"parent":0,"menu_order":8,"comment_status":"closed","ping_status":"closed","template":"onecolumn-page.php","meta":{"footnotes":""},"categories":[],"tags":[],"class_list":["post-119","page","type-page","status-publish","hentry"],"aioseo_notices":[],"_links":{"self":[{"href":"https:\/\/www.wolfgang-barina.de\/bdh\/index.php?rest_route=\/wp\/v2\/pages\/119"}],"collection":[{"href":"https:\/\/www.wolfgang-barina.de\/bdh\/index.php?rest_route=\/wp\/v2\/pages"}],"about":[{"href":"https:\/\/www.wolfgang-barina.de\/bdh\/index.php?rest_route=\/wp\/v2\/types\/page"}],"author":[{"embeddable":true,"href":"https:\/\/www.wolfgang-barina.de\/bdh\/index.php?rest_route=\/wp\/v2\/users\/3"}],"replies":[{"embeddable":true,"href":"https:\/\/www.wolfgang-barina.de\/bdh\/index.php?rest_route=%2Fwp%2Fv2%2Fcomments&post=119"}],"version-history":[{"count":6,"href":"https:\/\/www.wolfgang-barina.de\/bdh\/index.php?rest_route=\/wp\/v2\/pages\/119\/revisions"}],"predecessor-version":[{"id":11201,"href":"https:\/\/www.wolfgang-barina.de\/bdh\/index.php?rest_route=\/wp\/v2\/pages\/119\/revisions\/11201"}],"wp:attachment":[{"href":"https:\/\/www.wolfgang-barina.de\/bdh\/index.php?rest_route=%2Fwp%2Fv2%2Fmedia&parent=119"}],"wp:term":[{"taxonomy":"category","embeddable":true,"href":"https:\/\/www.wolfgang-barina.de\/bdh\/index.php?rest_route=%2Fwp%2Fv2%2Fcategories&post=119"},{"taxonomy":"post_tag","embeddable":true,"href":"https:\/\/www.wolfgang-barina.de\/bdh\/index.php?rest_route=%2Fwp%2Fv2%2Ftags&post=119"}],"curies":[{"name":"wp","href":"https:\/\/api.w.org\/{rel}","templated":true}]}}