{"id":154,"date":"2018-05-03T13:13:49","date_gmt":"2018-05-03T11:13:49","guid":{"rendered":"http:\/\/www.wolfgang-barina.de\/wein2018\/?page_id=154"},"modified":"2018-05-09T19:27:52","modified_gmt":"2018-05-09T17:27:52","slug":"wer-seid-ihr-und-warum-macht-ihr-das","status":"publish","type":"page","link":"http:\/\/www.wolfgang-barina.de\/wein2018\/naq\/wer-seid-ihr-und-warum-macht-ihr-das\/","title":{"rendered":"Wer seid Ihr und warum macht Ihr das?"},"content":{"rendered":"<p><strong>Wolfgang Barina aus Frankfurt\/Main<\/strong> und seine medien- und social media-verachtende Frau. Wir teilen uns die Arbeit im Weingarten und Keller.<\/p>\n<p>Gemeinsam sind uns eine notorische Neugier und ein gewisser Spiel- und Gestaltungstrieb. Es gibt nicht Sch\u00f6neres als sich in etwas Interessantes so lange hineinzudenken und zu arbeiten bis es irgendwie klappt, schlechter oder besser. Das betrifft eine ganze Reihe von Interessen neben dem Weinbau, der Wein nimmt aber die meiste Zeit von\u00a0allen in Anspruch.<\/p>\n<p>Beide gemeinsam sind wir insgesamt 3 mal \u00fcber ein ganzes Jahr durch den Weinbaukurs der Volkshochschule Alzey gegangen. Der zeigt an 10 \u00fcber das Jahr verteilten Tagen exemplarisch was zu dieser Zeit im Betrieb zu tun ist und gibt einen umfassenden \u00dcberblick, auch \u00fcber Dinge, die man sonst kaum mitbekommen kann.<\/p>\n<p>Leider gibt es diesen Kurs jetzt nicht mehr, aber wir haben noch regelm\u00e4\u00dfig Kontakt zu dem Kursleiter, dem Senior des <a href=\"http:\/\/www.winzerhotel-storr.de\/\" target=\"_blank\" rel=\"noopener\">Weinguts Storr in Alzey-Dautenheim<\/a>. Ihm verdanken wir die verschreckende Erkenntnis, dass Wein Alkohol enth\u00e4lt und das Erlebnis von um 9 Uhr in der Fr\u00fch \u00fcber den Hof schallenden Weinkorken. Der letzte Abend des Kurses hei\u00dft \u00fcbrigens immer &#8222;Wein und Gesundheit&#8220;. Wichtiger aber: Wir rufen ihn schon gerne mal schnurlos aus dem Gel\u00e4nde oder dem Keller an, wenn wir nicht mehr weiter wissen. Es gibt immer einen guten Rat. Der beste von allen aber lautet zumeist: &#8222;Ach, macht einfach nix!&#8220; oder &#8222;Schmeckt er? Dann trinkt ihn.&#8220;<\/p>\n","protected":false},"excerpt":{"rendered":"<p>Wolfgang Barina aus Frankfurt\/Main und seine medien- und social media-verachtende Frau. Wir teilen uns die Arbeit im Weingarten und Keller. Gemeinsam sind uns eine notorische Neugier und ein gewisser Spiel- und Gestaltungstrieb. Es gibt nicht Sch\u00f6neres als sich in etwas &hellip; <a href=\"http:\/\/www.wolfgang-barina.de\/wein2018\/naq\/wer-seid-ihr-und-warum-macht-ihr-das\/\">Weiterlesen <span class=\"meta-nav\">&rarr;<\/span><\/a><\/p>\n","protected":false},"author":1,"featured_media":0,"parent":93,"menu_order":9,"comment_status":"closed","ping_status":"closed","template":"","meta":[],"_links":{"self":[{"href":"http:\/\/www.wolfgang-barina.de\/wein2018\/wp-json\/wp\/v2\/pages\/154"}],"collection":[{"href":"http:\/\/www.wolfgang-barina.de\/wein2018\/wp-json\/wp\/v2\/pages"}],"about":[{"href":"http:\/\/www.wolfgang-barina.de\/wein2018\/wp-json\/wp\/v2\/types\/page"}],"author":[{"embeddable":true,"href":"http:\/\/www.wolfgang-barina.de\/wein2018\/wp-json\/wp\/v2\/users\/1"}],"replies":[{"embeddable":true,"href":"http:\/\/www.wolfgang-barina.de\/wein2018\/wp-json\/wp\/v2\/comments?post=154"}],"version-history":[{"count":7,"href":"http:\/\/www.wolfgang-barina.de\/wein2018\/wp-json\/wp\/v2\/pages\/154\/revisions"}],"predecessor-version":[{"id":177,"href":"http:\/\/www.wolfgang-barina.de\/wein2018\/wp-json\/wp\/v2\/pages\/154\/revisions\/177"}],"up":[{"embeddable":true,"href":"http:\/\/www.wolfgang-barina.de\/wein2018\/wp-json\/wp\/v2\/pages\/93"}],"wp:attachment":[{"href":"http:\/\/www.wolfgang-barina.de\/wein2018\/wp-json\/wp\/v2\/media?parent=154"}],"curies":[{"name":"wp","href":"https:\/\/api.w.org\/{rel}","templated":true}]}}