{"id":116,"date":"2018-05-01T18:36:34","date_gmt":"2018-05-01T16:36:34","guid":{"rendered":"http:\/\/www.wolfgang-barina.de\/wein2018\/?page_id=116"},"modified":"2018-05-05T12:48:25","modified_gmt":"2018-05-05T10:48:25","slug":"wo-findet-das-alles-statt","status":"publish","type":"page","link":"http:\/\/www.wolfgang-barina.de\/wein2018\/naq\/wo-findet-das-alles-statt\/","title":{"rendered":"Wo ist Euer Weinberg?"},"content":{"rendered":"<p><a href=\"http:\/\/www.wolfgang-barina.de\/wein2018\/wp-content\/uploads\/2018\/05\/Mucsi-Satellitenbild.jpg\"><img loading=\"lazy\" class=\"alignright size-medium wp-image-118\" src=\"http:\/\/www.wolfgang-barina.de\/wein2018\/wp-content\/uploads\/2018\/05\/Mucsi-Satellitenbild-259x300.jpg\" alt=\"\" width=\"259\" height=\"300\" srcset=\"http:\/\/www.wolfgang-barina.de\/wein2018\/wp-content\/uploads\/2018\/05\/Mucsi-Satellitenbild-259x300.jpg 259w, http:\/\/www.wolfgang-barina.de\/wein2018\/wp-content\/uploads\/2018\/05\/Mucsi-Satellitenbild.jpg 643w\" sizes=\"(max-width: 259px) 100vw, 259px\" \/><\/a><strong>In der ungarischen Ortschaft Mucsi,<\/strong> Komitat Tolna. Koordinaten:\u00a0<a class=\"external text\" href=\"https:\/\/tools.wmflabs.org\/geohack\/geohack.php?pagename=Mucsi&amp;language=de&amp;params=46.416666666667_N_18.383333333333_E_dim:10000_region:HU-TO_type:city\"><span title=\"Breitengrad\">46\u00b0\u00a025\u2032\u00a0<abbr title=\"Nord\">N<\/abbr><\/span>,\u00a0<span title=\"L\u00e4ngengrad\">18\u00b0\u00a023\u2032\u00a0<abbr title=\"Ost\">O<\/abbr><\/span><\/a>,<\/p>\n<p>Mucsi, vormals auch deutsch &#8222;Mutsching&#8220;, ist der Geburtsort meiner Mutter und war bis 1945 ein Dorf mit einer rein deutschsprachigen &#8222;donauschw\u00e4bischen&#8220; Bev\u00f6lkerung von \u00fcber 2.000 Menschen mit ungarischer Staatsangeh\u00f6rigkeit. Die erzwungene Aussiedlung beinahe aller Einwohner nach Kriegsende hat das Dorf entv\u00f6lkert. Angesiedelt wurden sp\u00e4ter Ungarn, die als kulturelle Minderheit ihrerseits aus Rum\u00e4nien oder der Slowakei vertrieben wurden. Sie und ihre Kinder und Enkel bilden heute den gr\u00f6\u00dften Teil der etwa noch 400 Einwohner.<\/p>\n<p>Die \u00fcber die halbe Welt verstreuten ehemaligen &#8222;Mutschinger&#8220; waren lange Zeit dem Dorf aufs Engste verbunden. Seit 1963 sind meine Familie und die engere und weitere Verwandt- und Bekanntschaft immer wieder zu Besuch hier gewesen. Jedoch nimmt die Bindung der zweiten und der dritten Generation mehr als 60 Jahre nach der Aussiedlung stark ab, nur noch wenige kommen regelm\u00e4\u00dfig hierher.<\/p>\n<p>Mucsi ist wirtschaftlich und sozial total abgeh\u00e4ngt, H\u00e4user fallen ein und sind nach deutschen Vorstellungen f\u00fcr ein Taschengeld zu haben.\u00a02003 haben wir aus einer gewissen Abenteuerlaune heraus ein Haus gekauft. Und nat\u00fcrlich spielt die Vorgeschichte eine Rolle, ohne die h\u00e4tten wir uns wahrscheinlich nicht gerade hier breitgemacht.<\/p>\n<p>Wein hatte im Mucsi der Vorkriegszeit eine \u00fcberragende Rolle gespielt. F\u00fcr den Hausgebrauch (Zitat: &#8222;In Mutsching haben wir kein Wasser nicht gekannt&#8220;), aber auch als Einkommensquelle. Zu den etwa 600 H\u00e4usern und Familien geh\u00f6rte je ein Weinkeller mit Presshaus direkt in den zahllosen, meist an den steileren H\u00e4ngen der h\u00fcgeligen Landschaft gelegenen Weinbergen. Von den 600 Kellerh\u00e4usern ist lediglich ein einziges erhalten, nur noch eine Handvoll Haushalte machen eigenen Wein. Aus den Zeiten der kollektivierten Landwirtschaft ist auf einer weiten und flachen H\u00f6he eine am St\u00fcck Dutzende Quadratkilometer gro\u00dfe Weinplantage zur\u00fcckgeblieben, die von Ausw\u00e4rts bewirtschaftet wird.<\/p>\n<p>Immerhin aber liegt Mucsi in einer ausgewiesen guten Weinregion und geh\u00f6rt zum Anbaugebiet &#8222;Tolna&#8220; und dort zur Teilregion &#8222;V\u00f6lgys\u00e9g\/Talboden&#8220;.<\/p>\n<p><strong>Literatur und Links<\/strong><\/p>\n<ul>\n<li><a href=\"https:\/\/de.wikipedia.org\/wiki\/Mucsi\" target=\"_blank\" rel=\"noopener\">https:\/\/de.wikipedia.org\/wiki\/Mucsi<\/a>\u00a0und\u00a0<a href=\"https:\/\/en.wikipedia.org\/wiki\/Mucsi\" target=\"_blank\" rel=\"noopener\">https:\/\/en.wikipedia.org\/wiki\/Mucsi<\/a><\/li>\n<li><a href=\"http:\/\/www.mucsi.hu\" target=\"_blank\" rel=\"noopener\">http:\/\/www.mucsi.hu<\/a><\/li>\n<li><a href=\"http:\/\/www.dvhh.org\/musci\/\" target=\"_blank\" rel=\"noopener\">http:\/\/www.dvhh.org\/musci\/<\/a><\/li>\n<li>Hambuch, Wendel: Mutsching\/Mucsi Geschichte und Gesellschaft einer ehemaligen fuldischen Gemeinde in Ungarn. Budapest, Tanko\u0308nyvkiado\u0301, 1988 (vergriffen)<\/li>\n<li><a href=\"http:\/\/www.wineroutes.hu\/article\/detail.php?article=tolnai-bort\" target=\"_blank\" rel=\"noopener\">http:\/\/www.wineroutes.hu\/article\/detail.php?article=tolnai-bort<\/a>\u00a0(leider nur auf Ungarisch, bei den anderssprachigen Fassungen sind die meisten Texte nicht \u00fcbersetzt)<\/li>\n<\/ul>\n<p>&nbsp;<\/p>\n<p>&nbsp;<\/p>\n<p>&nbsp;<\/p>\n","protected":false},"excerpt":{"rendered":"<p>In der ungarischen Ortschaft Mucsi, Komitat Tolna. Koordinaten:\u00a046\u00b0\u00a025\u2032\u00a0N,\u00a018\u00b0\u00a023\u2032\u00a0O, Mucsi, vormals auch deutsch &#8222;Mutsching&#8220;, ist der Geburtsort meiner Mutter und war bis 1945 ein Dorf mit einer rein deutschsprachigen &#8222;donauschw\u00e4bischen&#8220; Bev\u00f6lkerung von \u00fcber 2.000 Menschen mit ungarischer Staatsangeh\u00f6rigkeit. Die erzwungene Aussiedlung &hellip; <a href=\"http:\/\/www.wolfgang-barina.de\/wein2018\/naq\/wo-findet-das-alles-statt\/\">Weiterlesen <span class=\"meta-nav\">&rarr;<\/span><\/a><\/p>\n","protected":false},"author":1,"featured_media":0,"parent":93,"menu_order":8,"comment_status":"closed","ping_status":"closed","template":"","meta":[],"_links":{"self":[{"href":"http:\/\/www.wolfgang-barina.de\/wein2018\/wp-json\/wp\/v2\/pages\/116"}],"collection":[{"href":"http:\/\/www.wolfgang-barina.de\/wein2018\/wp-json\/wp\/v2\/pages"}],"about":[{"href":"http:\/\/www.wolfgang-barina.de\/wein2018\/wp-json\/wp\/v2\/types\/page"}],"author":[{"embeddable":true,"href":"http:\/\/www.wolfgang-barina.de\/wein2018\/wp-json\/wp\/v2\/users\/1"}],"replies":[{"embeddable":true,"href":"http:\/\/www.wolfgang-barina.de\/wein2018\/wp-json\/wp\/v2\/comments?post=116"}],"version-history":[{"count":11,"href":"http:\/\/www.wolfgang-barina.de\/wein2018\/wp-json\/wp\/v2\/pages\/116\/revisions"}],"predecessor-version":[{"id":161,"href":"http:\/\/www.wolfgang-barina.de\/wein2018\/wp-json\/wp\/v2\/pages\/116\/revisions\/161"}],"up":[{"embeddable":true,"href":"http:\/\/www.wolfgang-barina.de\/wein2018\/wp-json\/wp\/v2\/pages\/93"}],"wp:attachment":[{"href":"http:\/\/www.wolfgang-barina.de\/wein2018\/wp-json\/wp\/v2\/media?parent=116"}],"curies":[{"name":"wp","href":"https:\/\/api.w.org\/{rel}","templated":true}]}}

<p><a href="http://www.wolfgang-barina.de/wein2018/wp-content/uploads/2018/05/Mucsi-Satellitenbild.jpg"><img loading="lazy" class="alignright size-medium wp-image-118" src="http://www.wolfgang-barina.de/wein2018/wp-content/uploads/2018/05/Mucsi-Satellitenbild-259x300.jpg" alt="" width="259" height="300" srcset="http://www.wolfgang-barina.de/wein2018/wp-content/uploads/2018/05/Mucsi-Satellitenbild-259x300.jpg 259w, http://www.wolfgang-barina.de/wein2018/wp-content/uploads/2018/05/Mucsi-Satellitenbild.jpg 643w" sizes="(max-width: 259px) 100vw, 259px" /></a><strong>In der ungarischen Ortschaft Mucsi,</strong> Komitat Tolna. Koordinaten: <a class="external text" href="https://tools.wmflabs.org/geohack/geohack.php?pagename=Mucsi&amp;language=de&amp;params=46.416666666667_N_18.383333333333_E_dim:10000_region:HU-TO_type:city"><span title="Breitengrad">46° 25′ <abbr title="Nord">N</abbr></span>, <span title="Längengrad">18° 23′ <abbr title="Ost">O</abbr></span></a>,</p>
<p>Mucsi, vormals auch deutsch &#8222;Mutsching&#8220;, ist der Geburtsort meiner Mutter und war bis 1945 ein Dorf mit einer rein deutschsprachigen &#8222;donauschwäbischen&#8220; Bevölkerung von über 2.000 Menschen mit ungarischer Staatsangehörigkeit. Die erzwungene Aussiedlung beinahe aller Einwohner nach Kriegsende hat das Dorf entvölkert. Angesiedelt wurden später Ungarn, die als kulturelle Minderheit ihrerseits aus Rumänien oder der Slowakei vertrieben wurden. Sie und ihre Kinder und Enkel bilden heute den größten Teil der etwa noch 400 Einwohner.</p>
<p>Die über die halbe Welt verstreuten ehemaligen &#8222;Mutschinger&#8220; waren lange Zeit dem Dorf aufs Engste verbunden. Seit 1963 sind meine Familie und die engere und weitere Verwandt- und Bekanntschaft immer wieder zu Besuch hier gewesen. Jedoch nimmt die Bindung der zweiten und der dritten Generation mehr als 60 Jahre nach der Aussiedlung stark ab, nur noch wenige kommen regelmäßig hierher.</p>
<p>Mucsi ist wirtschaftlich und sozial total abgehängt, Häuser fallen ein und sind nach deutschen Vorstellungen für ein Taschengeld zu haben. 2003 haben wir aus einer gewissen Abenteuerlaune heraus ein Haus gekauft. Und natürlich spielt die Vorgeschichte eine Rolle, ohne die hätten wir uns wahrscheinlich nicht gerade hier breitgemacht.</p>
<p>Wein hatte im Mucsi der Vorkriegszeit eine überragende Rolle gespielt. Für den Hausgebrauch (Zitat: &#8222;In Mutsching haben wir kein Wasser nicht gekannt&#8220;), aber auch als Einkommensquelle. Zu den etwa 600 Häusern und Familien gehörte je ein Weinkeller mit Presshaus direkt in den zahllosen, meist an den steileren Hängen der hügeligen Landschaft gelegenen Weinbergen. Von den 600 Kellerhäusern ist lediglich ein einziges erhalten, nur noch eine Handvoll Haushalte machen eigenen Wein. Aus den Zeiten der kollektivierten Landwirtschaft ist auf einer weiten und flachen Höhe eine am Stück Dutzende Quadratkilometer große Weinplantage zurückgeblieben, die von Auswärts bewirtschaftet wird.</p>
<p>Immerhin aber liegt Mucsi in einer ausgewiesen guten Weinregion und gehört zum Anbaugebiet &#8222;Tolna&#8220; und dort zur Teilregion &#8222;Völgység/Talboden&#8220;.</p>
<p><strong>Literatur und Links</strong></p>
<ul>
<li><a href="https://de.wikipedia.org/wiki/Mucsi" target="_blank" rel="noopener">https://de.wikipedia.org/wiki/Mucsi</a> und <a href="https://en.wikipedia.org/wiki/Mucsi" target="_blank" rel="noopener">https://en.wikipedia.org/wiki/Mucsi</a></li>
<li><a href="http://www.mucsi.hu" target="_blank" rel="noopener">http://www.mucsi.hu</a></li>
<li><a href="http://www.dvhh.org/musci/" target="_blank" rel="noopener">http://www.dvhh.org/musci/</a></li>
<li>Hambuch, Wendel: Mutsching/Mucsi Geschichte und Gesellschaft einer ehemaligen fuldischen Gemeinde in Ungarn. Budapest, Tankönyvkiadó, 1988 (vergriffen)</li>
<li><a href="http://www.wineroutes.hu/article/detail.php?article=tolnai-bort" target="_blank" rel="noopener">http://www.wineroutes.hu/article/detail.php?article=tolnai-bort</a> (leider nur auf Ungarisch, bei den anderssprachigen Fassungen sind die meisten Texte nicht übersetzt)</li>
</ul>
<p>&nbsp;</p>
<p>&nbsp;</p>
<p>&nbsp;</p>

<p>In der ungarischen Ortschaft Mucsi, Komitat Tolna. Koordinaten: 46° 25′ N, 18° 23′ O, Mucsi, vormals auch deutsch &#8222;Mutsching&#8220;, ist der Geburtsort meiner Mutter und war bis 1945 ein Dorf mit einer rein deutschsprachigen &#8222;donauschwäbischen&#8220; Bevölkerung von über 2.000 Menschen mit ungarischer Staatsangehörigkeit. Die erzwungene Aussiedlung &hellip; <a href="http://www.wolfgang-barina.de/wein2018/naq/wo-findet-das-alles-statt/">Weiterlesen <span class="meta-nav">&rarr;</span></a></p>
