{"id":41,"date":"2015-04-10T05:53:24","date_gmt":"2015-04-10T05:53:24","guid":{"rendered":"http:\/\/www.wolfgang-barina.de\/drau\/?page_id=41"},"modified":"2018-08-28T07:33:29","modified_gmt":"2018-08-28T07:33:29","slug":"was-steckt-dahinter","status":"publish","type":"page","link":"http:\/\/www.wolfgang-barina.de\/drau\/?page_id=41","title":{"rendered":"Was steckt dahinter?"},"content":{"rendered":"<p>Schon immer wollte ich von Frankfurt am Main aus entlang Main, Tauber, Altm\u00fchl, Donau und dann &#8222;\u00fcber die K\u00e4ffer&#8220; die ganze Strecke nach Mucsi in S\u00fcdwestungarn, den Geburtsort meiner Mutter, mit dem Fahrrad zur\u00fccklegen. Doch die meisten Teile der Strecke kenne ich bereits (Main, Tauber, Donau von Passau nach Budapest).<\/p>\n<p>Schon l\u00e4nger wollte ich die Drau (Drave, Drava, Dr\u00e1va) von ihrer Quelle bei Toblach in S\u00fcditirol\/Italien durch K\u00e4rnten\/\u00d6sterreich, durch fast ganz Slowenien und dann entlang der ungarisch-kroatischen Grenze bis zu ihrer M\u00fcndung in die Donau bei Osijek (Esz\u00e9k, Essegg) fahren. Das ist nicht ganz so weit von dem erw\u00e4hnten Mucsi entfernt.<\/p>\n<p>Irgendwann habe ich begonnen, die beiden Ideen zu kombinieren und bin der Idee verfallen, von Frankfurt aus \u00fcber Augsburg, Garmisch und Innsbruck \u00fcber den Brenner und das Pustertal die Alpen zu \u00fcberqueren, dann der Drau bis zur Donau zu folgen und nach Mucsi zu fahren.<\/p>\n<p>Und da stehe ich nun: nach aktueller Planung geht es am 13. Juni 2015 los\u00a0 (Etappenplan folgt).<\/p>\n<p>Hier ein \u00dcberblick:<\/p>\n<p><img loading=\"lazy\" class=\"alignnone wp-image-45 size-full\" src=\"http:\/\/www.wolfgang-barina.de\/drau\/wp-content\/uploads\/2015\/04\/Fra-Mucsi-\u00dcberblick.jpg\" alt=\"Fra-Mucsi-\u00dcberblick\" width=\"566\" height=\"459\" srcset=\"http:\/\/www.wolfgang-barina.de\/drau\/wp-content\/uploads\/2015\/04\/Fra-Mucsi-\u00dcberblick.jpg 566w, http:\/\/www.wolfgang-barina.de\/drau\/wp-content\/uploads\/2015\/04\/Fra-Mucsi-\u00dcberblick-300x243.jpg 300w\" sizes=\"(max-width: 566px) 100vw, 566px\" \/><\/p>\n","protected":false},"excerpt":{"rendered":"<p>Schon immer wollte ich von Frankfurt am Main aus entlang Main, Tauber, Altm\u00fchl, Donau und dann &#8222;\u00fcber die K\u00e4ffer&#8220; die ganze Strecke nach Mucsi in S\u00fcdwestungarn, den Geburtsort meiner Mutter, mit dem Fahrrad zur\u00fccklegen. Doch die meisten Teile der Strecke<\/p>\n","protected":false},"author":2,"featured_media":0,"parent":0,"menu_order":7,"comment_status":"closed","ping_status":"closed","template":"","meta":[],"_links":{"self":[{"href":"http:\/\/www.wolfgang-barina.de\/drau\/index.php?rest_route=\/wp\/v2\/pages\/41"}],"collection":[{"href":"http:\/\/www.wolfgang-barina.de\/drau\/index.php?rest_route=\/wp\/v2\/pages"}],"about":[{"href":"http:\/\/www.wolfgang-barina.de\/drau\/index.php?rest_route=\/wp\/v2\/types\/page"}],"author":[{"embeddable":true,"href":"http:\/\/www.wolfgang-barina.de\/drau\/index.php?rest_route=\/wp\/v2\/users\/2"}],"replies":[{"embeddable":true,"href":"http:\/\/www.wolfgang-barina.de\/drau\/index.php?rest_route=%2Fwp%2Fv2%2Fcomments&post=41"}],"version-history":[{"count":5,"href":"http:\/\/www.wolfgang-barina.de\/drau\/index.php?rest_route=\/wp\/v2\/pages\/41\/revisions"}],"predecessor-version":[{"id":47,"href":"http:\/\/www.wolfgang-barina.de\/drau\/index.php?rest_route=\/wp\/v2\/pages\/41\/revisions\/47"}],"wp:attachment":[{"href":"http:\/\/www.wolfgang-barina.de\/drau\/index.php?rest_route=%2Fwp%2Fv2%2Fmedia&parent=41"}],"curies":[{"name":"wp","href":"https:\/\/api.w.org\/{rel}","templated":true}]}}

<p>Schon immer wollte ich von Frankfurt am Main aus entlang Main, Tauber, Altmühl, Donau und dann &#8222;über die Käffer&#8220; die ganze Strecke nach Mucsi in Südwestungarn, den Geburtsort meiner Mutter, mit dem Fahrrad zurücklegen. Doch die meisten Teile der Strecke kenne ich bereits (Main, Tauber, Donau von Passau nach Budapest).</p>
<p>Schon länger wollte ich die Drau (Drave, Drava, Dráva) von ihrer Quelle bei Toblach in Süditirol/Italien durch Kärnten/Österreich, durch fast ganz Slowenien und dann entlang der ungarisch-kroatischen Grenze bis zu ihrer Mündung in die Donau bei Osijek (Eszék, Essegg) fahren. Das ist nicht ganz so weit von dem erwähnten Mucsi entfernt.</p>
<p>Irgendwann habe ich begonnen, die beiden Ideen zu kombinieren und bin der Idee verfallen, von Frankfurt aus über Augsburg, Garmisch und Innsbruck über den Brenner und das Pustertal die Alpen zu überqueren, dann der Drau bis zur Donau zu folgen und nach Mucsi zu fahren.</p>
<p>Und da stehe ich nun: nach aktueller Planung geht es am 13. Juni 2015 los  (Etappenplan folgt).</p>
<p>Hier ein Überblick:</p>
<p><img loading="lazy" class="alignnone wp-image-45 size-full" src="http://www.wolfgang-barina.de/drau/wp-content/uploads/2015/04/Fra-Mucsi-Überblick.jpg" alt="Fra-Mucsi-Überblick" width="566" height="459" srcset="http://www.wolfgang-barina.de/drau/wp-content/uploads/2015/04/Fra-Mucsi-Überblick.jpg 566w, http://www.wolfgang-barina.de/drau/wp-content/uploads/2015/04/Fra-Mucsi-Überblick-300x243.jpg 300w" sizes="(max-width: 566px) 100vw, 566px" /></p>

<p>Schon immer wollte ich von Frankfurt am Main aus entlang Main, Tauber, Altmühl, Donau und dann &#8222;über die Käffer&#8220; die ganze Strecke nach Mucsi in Südwestungarn, den Geburtsort meiner Mutter, mit dem Fahrrad zurücklegen. Doch die meisten Teile der Strecke</p>
